
What is the units digit of 1017265?
5
What is the tens digit of 360?
6
What is the units digit of 1163368?
8
What is the ten thousands digit of 17904316?
0
What is the hundreds digit of 5310327?
3
What is the thousands digit of 10502237?
2
What is the ten thousands digit of 939459?
3
What is the hundreds digit of 62219?
2
What is the tens digit of 351266?
6
What is the tens digit of 805126?
2
What is the hundred thousands digit of 3929153?
9
What is the ten thousands digit of 47368?
4
What is the thousands digit of 289811?
9
What is the thousands digit of 5702153?
2
What is the hundred thousands digit of 2103362?
1
What is the ten thousands digit of 866236?
6
What is the hundreds digit of 93569?
5
What is the hundreds digit of 2156456?
4
What is the thousands digit of 644533?
4
What is the ten thousands digit of 11379570?
7
What is the thousands digit of 2428850?
8
What is the hundred thousands digit of 610316?
6
What is the tens digit of 4866303?
0
What is the thousands digit of 1460445?
0
What is the units digit of 269337?
7
What is the ten millions digit of 18955301?
1
What is the thousands digit of 6315709?
5
What is the hundreds digit of 573167?
1
What is the tens digit of 74463?
6
What is the units digit of 2390101?
1
What is the ten thousands digit of 155014?
5
What is the hundreds digit of 77081?
0
What is the millions digit of 4319827?
4
What is the thousands digit of 328084?
8
What is the tens digit of 250378?
7
What is the hundreds digit of 276848?
8
What is the ten thousands digit of 1817749?
1
What is the thousands digit of 3011337?
1
What is the ten thousands digit of 914966?
1
What is the hundred thousands digit of 11238614?
2
What is the units digit of 5531447?
7
What is the tens digit of 158828?
2
What is the hundred thousands digit of 6456788?
4
What is the units digit of 1334897?
7
What is the units digit of 1241002?
2
What is the tens digit of 33127?
2
What is the hundred thousands digit of 253350?
2
What is the millions digit of 2008084?
2
What is the units digit of 94914?
4
What is the hundred thousands digit of 10371146?
3
What is the thousands digit of 89087?
9
What is the hundred thousands digit of 2410472?
4
What is the ten thousands digit of 5421899?
2
What is the hundreds digit of 316476?
4
What is the tens digit of 3653532?
3
What is the units digit of 6271378?
8
What is the ten thousands digit of 520018?
2
What is the tens digit of 613680?
8
What is the tens digit of 2355806?
0
What is the ten thousands digit of 198184?
9
What is the units digit of 298336?
6
What is the hundreds digit of 794190?
1
What is the ten thousands digit of 1045121?
4
What is the ten millions digit of 20587549?
2
What is the thousands digit of 651846?
1
What is the hundred thousands digit of 4255145?
2
What is the millions digit of 19454804?
9
What is the millions digit of 2138194?
2
What is the tens digit of 44038?
3
What is the ten thousands digit of 156664?
5
What is the tens digit of 14818521?
2
What is the ten thousands digit of 3758294?
5
What is the thousands digit of 6834025?
4
What is the millions digit of 1538531?
1
What is the hundreds digit of 193871?
8
What is the units digit of 647635?
5
What is the tens digit of 340787?
8
What is the ten thousands digit of 7582915?
8
What is the hundreds digit of 980784?
7
What is the ten thousands digit of 7857304?
5
What is the units digit of 369416?
6
What is the millions digit of 16014198?
6
What is the units digit of 5879405?
5
What is the units digit of 1488900?
0
What is the hundred thousands digit of 1881655?
8
What is the thousands digit of 7709769?
9
What is the thousands digit of 9883047?
3
What is the units digit of 12804?
4
What is the hundred thousands digit of 26271814?
2
What is the units digit of 4679265?
5
What is the hundred thousands digit of 1283159?
2
What is the ten thousands digit of 5086515?
8
What is the hundreds digit of 2977841?
8
What is the ten thousands digit of 49178?
4
What is the thousands digit of 609796?
9
What is the ten thousands digit of 623166?
2
What is the tens digit of 76706?
0
What is the units digit of 5249354?
4
What is the hundreds digit of 40601?
6
What is the units digit of 3931791?
1
What is the units digit of 266526?
6
What is the hundred thousands digit of 4133601?
1
What is the millions digit of 6413636?
6
What is the hundreds digit of 18124211?
2
What is the tens digit of 331882?
8
What is the thousands digit of 181234?
1
What is the hundreds digit of 5326419?
4
What is the hundreds digit of 334046?
0
What is the thousands digit of 217189?
7
What is the hundred thousands digit of 514786?
5
What is the ten millions digit of 32224903?
3
What is the thousands digit of 690769?
0
What is the hundreds digit of 10466796?
7
What is the hundreds digit of 2263278?
2
What is the hundreds digit of 187977?
9
What is the units digit of 44863?
3
What is the ten thousands digit of 659967?
5
What is the hundred thousands digit of 118519?
1
What is the millions digit of 1578494?
1
What is the hundred thousands digit of 1108155?
1
What is the hundred thousands digit of 264551?
2
What is the hundreds digit of 2792549?
5
What is the hundreds digit of 2827?
8
What is the ten thousands digit of 124304?
2
What is the hundreds digit of 34960594?
5
What is the units digit of 1581433?
3
What is the tens digit of 2984549?
4
What is the hundred thousands digit of 331171?
3
What is the units digit of 4524746?
6
What is the hundreds digit of 152392?
3
What is the millions digit of 2561362?
2
What is the hundreds digit of 164740?
7
What is the ten thousands digit of 1132776?
3
What is the units digit of 154790?
0
What is the thousands digit of 9139817?
9
What is the units digit of 3280804?
4
What is the ten thousands digit of 1291689?
9
What is the millions digit of 14728667?
4
What is the units digit of 9920751?
1
What is the ten thousands digit of 3871803?
7
What is the tens digit of 45830?
3
What is the ten thousands digit of 519346?
1
What is the hundred thousands digit of 500539?
5
What is the tens digit of 3456012?
1
What is the hundreds digit of 26029?
0
What is the units digit of 12821965?
5
What is the ten thousands digit of 457197?
5
What is the hundred thousands digit of 679684?
6
What is the units digit of 1983058?
8
What is the ten thousands digit of 1193394?
9
What is the tens digit of 332582?
8
What is the hundred thousands digit of 869633?
8
What is the units digit of 171951?
1
What is the units digit of 713123?
3
What is the tens digit of 4443647?
4
What is the hundreds digit of 6905603?
6
What is the hundreds digit of 5833934?
9
What is the ten thousands digit of 3110840?
1
What is the millions digit of 12817519?
2
What is the ten thousands digit of 125851?
2
What is the tens digit of 640077?
7
What is the hundred thousands digit of 362141?
3
What is the thousands digit of 1023222?
3
What is the hundred thousands digit of 10066429?
0
What is the hundred thousands digit of 4647441?
6
What is the hundred thousands digit of 209608?
2
What is the thousands digit of 6803791?
3
What is the millions digit of 1677930?
1
What is the ten thousands digit of 411411?
1
What is the hundreds digit of 2522813?
8
What is the tens digit of 8690277?
7
What is the hundreds digit of 940114?
1
What is the millions digit of 1438901?
1
What is the units digit of 3846314?
4
What is the hundreds digit of 21181?
1
What is the hundred thousands digit of 636388?
6
What is the tens digit of 763627?
2
What is the tens digit of 46687?
8
What is the thousands digit of 5644897?
4
What is the units digit of 7955076?
6
What is the hundreds digit of 10956641?
6
What is the ten thousands digit of 690459?
9
What is the units digit of 9593757?
7
What is the thousands digit of 6299321?
9
What is the ten thousands digit of 4779157?
7
What is the thousands digit of 299641?
9
What is the hundreds digit of 516629?
6
What is the thousands digit of 504388?
4
What is the hundred thousands digit of 4490435?
4
What is the ten millions digit of 10579504?
1
What is the units digit of 432880?
0
What is the hundreds digit of 7845235?
2
What is the hundreds digit of 737564?
5
What is the hundred thousands digit of 511933?
5
What is the units digit of 74017?
7
What is the hundred thousands digit of 51